hen 855522 is divided by 790.
742
What is the remainder when 1005484 is divided by 21?
4
What is the remainder when 494352 is divided by 70615?
47
Calculate the remainder when 1596854 is divided by 193.
165
Calculate the remainder when 2731676 is divided by 306.
14
What is the remainder when 11417748 is divided by 2725?
2723
What is the remainder when 882693 is divided by 1890?
63
What is the remainder when 7761048 is divided by 164?
76
Calculate the remainder when 239360 is divided by 4056.
56
Calculate the remainder when 441419 is divided by 110303.
207
Calculate the remainder when 4005421 is divided by 3302.
95
What is the remainder when 689406 is divided by 1348?
578
Calculate the remainder when 71860414 is divided by 235.
234
What is the remainder when 3646430 is divided by 1647?
1619
What is the remainder when 14611419 is divided by 292222?
319
Calculate the remainder when 2606982 is divided by 661.
659
What is the remainder when 1839716 is divided by 612785?
1361
What is the remainder when 1452054 is divided by 1452020?
34
What is the remainder when 20631 is divided by 3847?
1396
Calculate the remainder when 125627 is divided by 12384.
1787
What is the remainder when 29949290 is divided by 678?
674
What is the remainder when 6585721 is divided by 32125?
96
Calculate the remainder when 15721853 is divided by 38.
37
What is the remainder when 362178 is divided by 508?
482
What is the remainder when 240464 is divided by 191?
186
Calculate the remainder when 24481269 is divided by 110.
109
What is the remainder when 6213636 is divided by 3106797?
42
What is the remainder when 48097 is divided by 171?
46
What is the remainder when 830773534 is divided by 21?
10
Calculate the remainder when 9603356 is divided by 144.
140
Calculate the remainder when 166257 is divided by 166174.
83
Calculate the remainder when 1173394 is divided by 92.
26
What is the remainder when 2381647 is divided by 1993?
12
What is the remainder when 910497 is divided by 303499?
0
What is the remainder when 98632 is divided by 913?
28
Calculate the remainder when 57057117 is divided by 32.
29
What is the remainder when 2032974 is divided by 6179?
83
What is the remainder when 22847335 is divided by 11510?
11495
What is the remainder when 30450907 is divided by 987?
970
What is the remainder when 41187002 is divided by 1209?
1208
Calculate the remainder when 12738 is divided by 26.
24
Calculate the remainder when 174613 is divided by 36.
13
What is the remainder when 4690668 is divided by 234531?
48
What is the remainder when 153259183 is divided by 452?
447
Calculate the remainder when 138289348 is divided by 20.
8
What is the remainder when 1686822 is divided by 168679?
32
What is the remainder when 9512768 is divided by 11?
1
What is the remainder when 21867408 is divided by 1561945?
178
What is the remainder when 11170039 is divided by 2780?
2779
What is the remainder when 8022285 is divided by 24?
21
What is the remainder when 224679 is divided by 15092?
13391
What is the remainder when 5548767 is divided by 678?
15
What is the remainder when 354968 is divided by 2102?
1832
Calculate the remainder when 12557 is divided by 5577.
1403
Calculate the remainder when 29370 is divided by 840.
810
Calculate the remainder when 6667546 is divided by 1452.
1414
Calculate the remainder when 307120 is divided by 451.
440
Calculate the remainder when 73321454 is divided by 42.
38
Calculate the remainder when 148215 is divided by 73921.
373
What is the remainder when 21965 is divided by 677?
301
Calculate the remainder when 120591 is divided by 15071.
23
Calculate the remainder when 16569890 is divided by 5456.
18
Calculate the remainder when 248263893 is divided by 25.
18
What is the remainder when 29863950 is divided by 2768?
2766
Calculate the remainder when 91646 is divided by 2233.
93
What is the remainder when 25024 is divided by 10647?
3730
Calculate the remainder when 43924807 is divided by 208.
199
What is the remainder when 287414 is divided by 5222?
204
What is the remainder when 2898813 is divided by 410?
113
What is the remainder when 2022447096 is divided by 93?
90
What is the remainder when 1102239 is divided by 551118?
3
What is the remainder when 96856 is divided by 1044?
808
Calculate the remainder when 19190187 is divided by 72966.
129
Calculate the remainder when 5614271 is divided by 41.
18
Calculate the remainder when 31093100 is divided by 782.
780
Calculate the remainder when 6357776 is divided by 397335.
416
Calculate the remainder when 884751 is divided by 8584.
599
What is the remainder when 201147 is divided by 11?
1
What is the remainder when 21665 is divided by 550?
215
Calculate the remainder when 177531 is divided by 3170.
11
Calculate the remainder when 8218 is divided by 576.
154
What is the remainder when 3646345 is divided by 71?
69
Calculate the remainder when 2359914 is divided by 263.
15
What is the remainder when 83046545 is divided by 18196?
1
Calculate the remainder when 25033 is divided by 10459.
4115
What is the remainder when 802620750 is divided by 861?
855
What is the remainder when 4329493 is divided by 7638?
6385
What is the remainder when 222063 is divided by 2213?
763
Calculate the remainder when 36212090 is divided by 77047.
0
What is the remainder when 2630298 is divided by 1315087?
124
What is the remainder when 4236191 is divided by 329?
316
Calculate the remainder when 3231708 is divided by 18789.
0
Calculate the remainder when 236783 is divided by 236695.
88
Calculate the remainder when 44719071 is divided by 1808.
1807
What is the remainder when 288893 is divided by 143841?
1211
Calculate the remainder when 10230226 is divided by 5115112.
2
What is the remainder when 5976332 is divided by 25760?
12
Calculate the remainder when 1621458 is divided by 681.
678
What is the remainder when 79872329 is divided by 34712?
17
Calculate the remainder when 273433 is divided by 471.
253
What is the remainder when 473076 is divided by 495?
351
What is the remainder when 261146 is divided by 4747?
61
Calculate the remainder when 1356880 is divided by 47.
37
What is the remainder when 115128 is divided by 295?
78
What is the remainder when 1342427 is divided by 1456?
1451
What is the remainder when 810813 is divided by 1425?
1413
What is the remainder when 54600 is divided by 1300?
0
Calculate the remainder when 193918115 is divided by 229.
228
What is the remainder when 2326090 is divided by 1163042?
6
What is the remainder when 520008 is divided by 349?
347
Calculate the remainder when 11333360 is divided by 3629.
3622
Calculate the remainder when 258268 is divided by 2154.
1942
Calculate the remainder when 287625 is divided by 15978.
21
What is the remainder when 39901 is divided by 1667?
1560
What is the remainder when 35947310 is divided by 4563?
4559
Calculate the remainder when 860886 is divided by 40984.
222
Calculate the remainder when 183807331 is divided by 87.
82
Calculate the remainder when 229299 is divided by 533.
109
Calculate the remainder when 1094331 is divided by 55.
51
Calculate the remainder when 76385 is divided by 187.
89
What is the remainder when 5483063 is divided by 352?
311
Calculate the remainder when 1044184008 is divided by 10.
8
Calculate the remainder when 219407 is divided by 33.
23
Calculate the remainder when 387640 is divided by 760.
40
What is the remainder when 465055392 is divided by 121?
120
What is the remainder when 267347 is divided by 12967?
8007
What is the remainder when 2105156 is divided by 149?
84
Calculate the remainder when 1153091 is divided by 619.
513
Calculate the remainder when 92263 is divided by 1828.
863
Calculate the remainder when 3511738 is divided by 387.
100
What is the remainder when 2744432 is divided by 2?
0
Calculate the remainder when 360480 is divided by 72049.
235
What is the remainder when 31227687 is divided by 31227675?
12
What is the remainder when 94760514 is divided by 134?
2
Calculate the remainder when 254572 is divided by 4627.
87
What is the remainder when 1141271 is divided by 12?
11
What is the remainder when 55285 is divided by 1765?
570
Calculate the remainder when 4598349 is divided by 1532782.
3
What is the remainder when 414465599 is divided by 592